1. Let v(u) = 27*u**2 + 23*u - 22. Let t be v(1). Calculate the greatest common factor of n and t.
28
Let q = 230 - -64. Let c = q - 269. Calculate the highest common factor of 175 and c.
25
Suppose 0 = 2*s - 5*s + 84. Let w be (23/92 - (-5081)/28) + 6/21. What is the highest common factor of w and s?
14
Suppose -894*r + 11*r = 378*r - 10479 + 2913. Suppose -d = 28 + 20. Let n = d + 72. What is the greatest common factor of r and n?
6
Let m(l) = 5*l**2 + 2*l - 1. Let c be m(1). Let t be ((-8)/(-1))/16*100. Let o be ((-228)/(-95))/(4/t). Calculate the highest common divisor of o and c.
6
Suppose 0 = -750*j + 742*j + 304. Let p be 10/4*(-16)/(-20). Suppose -4*u - 372 = -4*y - p*u, -u - 281 = -3*y. What is the greatest common factor of y and j?
19
Let v = -141 + 124. Let w(b) = b**2 + 14*b + 47. Let y be w(v). What is the greatest common divisor of y and 14?
14
Let z(g) = 259*g - 17178. Let y be z(67). Let c = 209 - 104. What is the highest common factor of y and c?
35
Let u(p) = 14*p**2 - 109*p - 748. Let w be u(-8). What is the highest common factor of w and 2295?
255
Let h be 1 + 130/(3 + -1). Let g be 38 + (0 + 3)/((-3)/4). Suppose -3*l + g*l = 3069. Calculate the greatest common factor of l and h.
33
Let t be ((-115)/(-20) - 4)/(-10*(-10)/253600). What is the highest common factor of 21 and t?
7
Let q(d) = 3*d**3 - 34*d**2 + 32*d - 449. Let r be q(17). What is the greatest common divisor of r and 112?
16
Let y(s) = -s + 20. Suppose 6*p - 79 = 17. Let c be y(p). Let r be c/(-6) + 0 + 10/6. Calculate the highest common factor of 5 and r.
1
Suppose -3*o = -2*r - 812, -4*o + r = -767 - 314. Suppose -4*t + o = -t. What is the highest common divisor of 10 and t?
10
Let d(m) = -2*m**3 - 9*m**2 + 12*m + 77. Let z(j) = 2*j**2 + 26*j - 67. Let t be z(-15). Let f be d(t). What is the greatest common factor of f and 14?
14
Suppose 15*y - 17*y - 2*c = -6652, 3334 = y - 3*c. Calculate the highest common factor of y and 26.
26
Let f(g) = -2*g - 2*g + g**2 + 3*g - 39. Let i be f(-6). Suppose 0 = t - 58 + i. What is the highest common divisor of 5 and t?
5
Let t be 0 + ((-2)/1 - -6). Let u(h) = 3*h**3 + h**2 - 2*h + 2. Let z be u(1). Suppose 0 = -z*n + 88 - t. Calculate the greatest common divisor of n and 21.
21
Suppose -93*f = -95*f + 2318. Let l(p) = -2*p**3 - 3*p**2 + 7*p + 9. Let t be l(-4). What is the greatest common divisor of t and f?
61
Let x be -9*(3 - (3 - -25)). Let j(s) = -s - 5. Let g be j(-14). What is the greatest common factor of x and g?
9
Let w be 25 - ((3 - 7)/(-4) - 8). Let c(t) = -40*t + 56. Let y be c(-9). Calculate the greatest common factor of w and y.
32
Let m be 0/(-2)*-1 - (-28 - 5). Suppose 0 = 29*z - m*z + 280. Let t = z + -45. Calculate the greatest common factor of 25 and t.
25
Suppose 0 = 2*p + 3*j - 7, -2*p - 2 + 1 = -5*j. Let u be (104/(-16) + p)*-8*1. What is the highest common factor of u and 588?
12
Suppose 2*m - 256 = -4*q, 3*q = 9 - 0. Let w be -1 + (m - 0) + 0. Let z(n) = 12*n - 1. Let u be z(1). What is the highest common factor of u and w?
11
Suppose 30*i - 29*i + 4*m - 2348 = 0, 4*i - 2*m = 9356. What is the highest common divisor of 18 and i?
18
Let q = -36533 + 38737. Calculate the greatest common divisor of q and 232.
116
Let d(t) be the first derivative of -t**4/2 - 6*t**3 - 10*t**2 - 12*t + 45. Let o be d(-8). What is the highest common divisor of 5 and o?
5
Let b = 5441 + -5246. What is the greatest common factor of b and 255?
15
Let d(c) = 16*c. Let p be d(1). Let g(k) = -k**3 + 163*k**2 + 1038*k - 3592. Let o be g(169). Calculate the highest common divisor of o and p.
16
Let t = 16236 + -14298. What is the highest common divisor of t and 684?
114
Suppose 81*g - 3600 = 9*g. What is the greatest common factor of 575 and g?
25
Suppose -158 + 650 = 6*y. Let m be y/(-41) + (77 - -1*1). What is the greatest common factor of 152 and m?
76
Let v be ((-708)/8)/(33/(-84) - 1/(-7)). Calculate the highest common divisor of 1888 and v.
118
Suppose 0 = 21*z - 15*z - 468. Calculate the highest common divisor of z and 4758.
78
Let o be (-3264)/7616 + (-482)/(-14) + 0. Calculate the highest common divisor of 45798 and o.
34
Let s(w) = -5*w**3 - 46*w**2 - 18*w - 130. Let n be s(-13). What is the greatest common factor of n and 60?
15
Let n(i) = -i**3 - 2*i**2 + 16*i + 8. Let f be n(-5). Suppose f*k - 33 = -0. Calculate the highest common factor of k and 297.
11
Let g be 0 + 3*10/(-30)*-261. Calculate the greatest common factor of 18 and g.
9
Let a(q) be the third derivative of -q**4/4 - 77*q**3/6 - 2*q**2 + 8*q. Let o be a(-27). Calculate the greatest common factor of o and 136.
17
Let o(s) = -s**3 + 69*s**2 + 444*s + 463. Let w be o(75). Let i be ((-26)/(-4))/(1/18). Calculate the highest common factor of i and w.
13
Let o = 14531 + -13275. What is the greatest common factor of o and 16?
8
Let c be 0*(2/2)/3. Suppose -d + 36 = 3*l + 24, c = 5*l + d - 20. Let t be (-2)/5 - (-248)/20. What is the greatest common divisor of l and t?
4
Let j(t) = 165*t - 533. Let w be j(13). Calculate the greatest common divisor of w and 676.
52
Let a(h) = -20*h**3 + 8*h**2 + 18*h - 31. Let v be a(-3). What is the highest common factor of 51 and v?
17
Let o(v) = -v**2 - 8*v + 16. Suppose -10 + 74 = -8*z. Let a be o(z). Calculate the greatest common divisor of a and 16.
16
Let t = -809 + 514. Let b = 322 + t. What is the greatest common factor of 405 and b?
27
Let l = 61596 + -61573. Let q(m) = 48*m + 3. Let o be q(-4). Let a = o + 373. What is the highest common divisor of l and a?
23
Let b = -393 + 412. Suppose 0 = 12*k - b*k + 189. Calculate the highest common factor of 18 and k.
9
Let y(d) = -64*d + 6. Let m be y(-1). Suppose 3 = l, i = 2*i + 2*l - m. Let x be 0 - ((-60)/4 - 1). What is the greatest common factor of x and i?
16
Let x be (-1)/((-3)/21)*-81. Let p = x + 1048. Calculate the greatest common factor of 37 and p.
37
Suppose 0 = 24*q - 54074 - 142. Suppose 5*v - q + 74 = 0. Calculate the greatest common factor of v and 23.
23
Suppose i - 5*i = -24. Let o be (-39)/(-1) - (-7 + i). What is the greatest common factor of 100 and o?
20
Let a = 897 + -826. Let m = 100 + a. Calculate the greatest common divisor of m and 133.
19
Suppose -1239 = 5*i - 149. Let m = 232 + i. Calculate the highest common divisor of 182 and m.
14
Let s be 97/11 + (-2)/(-11). Suppose -3*z + s = -0. Let y be 22/z + (-20)/(-30). What is the greatest common factor of 12 and y?
4
Suppose -3652 = -209*n + 319. What is the greatest common factor of n and 70661?
19
Suppose 0 = -5*q - 3*m + 1495, 0*q - 2*q + 5*m + 598 = 0. Let z = 61684 - 61671. Calculate the highest common factor of z and q.
13
Let m(x) = -x**3 - 21*x**2 - 38*x - 60. Let b be m(-24). What is the highest common divisor of 60 and b?
60
Let b(q) = 10 + 3*q + 6*q**2 + q**2 + 7*q - 2*q**2. Let p be (-14 - -12)*(-1 - (2 - 5)). Let s be b(p). What is the highest common divisor of 10 and s?
10
Suppose 5*c - 3*f = 74928 + 3084, -2*c + 2*f = -31200. Calculate the greatest common factor of 54 and c.
54
Let v = 10843 - 10799. What is the highest common factor of 3223 and v?
11
Let o = -859 + 872. Calculate the highest common divisor of o and 5473.
13
Suppose 0 = 61*b - 258*b - 74*b + 13821. What is the highest common factor of 17187 and b?
51
Let b be (2/(-4))/(9/(-54)). Let d be 7 + b*28/(-21). Suppose 4*k - 22 = 14. Calculate the highest common factor of k and d.
3
Let o be ((-76)/38)/(4/(-558)). What is the highest common divisor of 81 and o?
9
Let v be (16/(-20))/((-76)/5320). Suppose 5*m - m - 4*i = 84, -m = i - 19. Suppose -4*o + 8 + m = 0. Calculate the greatest common divisor of v and o.
7
Let j be 1*(8 + (-369)/45) - 202/(-10). Let z = -1 - -5. Calculate the greatest common factor of j and z.
4
Let h(c) = 103*c**3 + 10*c**2 - 15*c + 174. Let v be h(8). Calculate the highest common factor of 65 and v.
65
Let s(d) = d**2 + 9*d - 779. Let t be s(-33). Calculate the greatest common factor of 65 and t.
13
Let r(n) = n + 20. Let l be r(0). Let u(p) = -772*p - 2276. Let f be u(-3). Calculate the highest common factor of f and l.
20
Let n = 903 - 967. Let b = 35 - n. Let v be ((-9)/4)/((-1)/4). Calculate the greatest common divisor of b and v.
9
Let z = 535 - 528. Suppose -1213 + 37 = -z*r. Let w be (-4)/(-1